ctor of 6 and 48?
6
Calculate the highest common divisor of 18 and 22.
2
What is the highest common divisor of 8 and 22?
2
What is the highest common divisor of 18 and 1200?
6
What is the highest common divisor of 218 and 6?
2
Calculate the greatest common divisor of 22 and 352.
22
What is the greatest common divisor of 320 and 56?
8
Calculate the greatest common divisor of 48 and 4848.
48
Calculate the highest common factor of 1387 and 95.
19
What is the greatest common factor of 5018 and 26?
26
What is the highest common factor of 45 and 17505?
45
What is the highest common factor of 1 and 47?
1
What is the highest common divisor of 7533 and 31?
31
Calculate the greatest common divisor of 36 and 900.
36
Calculate the highest common factor of 108 and 720.
36
What is the greatest common factor of 12 and 8?
4
Calculate the highest common divisor of 84 and 1932.
84
What is the greatest common factor of 5778 and 54?
54
Calculate the greatest common divisor of 16 and 216.
8
What is the highest common factor of 87 and 29?
29
What is the greatest common divisor of 17 and 391?
17
What is the greatest common factor of 74 and 11174?
74
What is the greatest common divisor of 250 and 50?
50
Calculate the highest common factor of 52 and 3068.
52
Calculate the greatest common divisor of 413 and 472.
59
Calculate the highest common factor of 105 and 777.
21
Calculate the greatest common factor of 485 and 3589.
97
What is the highest common divisor of 1196 and 26?
26
Calculate the highest common divisor of 342 and 38.
38
What is the highest common factor of 67 and 67?
67
What is the greatest common factor of 306 and 162?
18
What is the highest common factor of 75 and 495?
15
Calculate the highest common factor of 36 and 1926.
18
Calculate the highest common factor of 2680 and 134.
134
What is the greatest common factor of 1125 and 315?
45
Calculate the highest common factor of 20 and 4340.
20
Calculate the greatest common divisor of 44 and 8.
4
Calculate the highest common factor of 1666 and 170.
34
What is the greatest common factor of 20 and 45?
5
What is the greatest common divisor of 234 and 54?
18
Calculate the greatest common divisor of 272 and 120.
8
What is the highest common factor of 1734 and 340?
34
What is the greatest common factor of 296 and 3996?
148
Calculate the highest common factor of 468 and 1092.
156
Calculate the highest common divisor of 2408 and 84.
28
Calculate the greatest common divisor of 57 and 912.
57
Calculate the highest common divisor of 208 and 3408.
16
What is the highest common factor of 24365 and 55?
55
Calculate the highest common divisor of 2121 and 91.
7
Calculate the highest common factor of 104 and 51532.
52
Calculate the greatest common divisor of 44 and 748.
44
Calculate the highest common factor of 300 and 12.
12
What is the greatest common factor of 20803 and 71?
71
Calculate the highest common divisor of 92 and 8234.
46
Calculate the highest common factor of 207 and 24.
3
Calculate the greatest common factor of 301 and 28.
7
What is the highest common factor of 63 and 126?
63
Calculate the greatest common divisor of 1624 and 29.
29
Calculate the highest common factor of 41 and 11275.
41
Calculate the greatest common divisor of 425 and 6035.
85
What is the highest common divisor of 490 and 560?
70
What is the greatest common divisor of 12446 and 127?
127
What is the highest common factor of 263 and 1?
1
Calculate the greatest common factor of 710 and 160.
10
Calculate the greatest common factor of 70 and 238.
14
Calculate the greatest common divisor of 495 and 285.
15
What is the highest common factor of 369 and 82?
41
What is the greatest common factor of 43 and 129?
43
Calculate the greatest common divisor of 25 and 8075.
25
What is the greatest common factor of 5805 and 135?
135
Calculate the highest common factor of 2587 and 26.
13
What is the highest common factor of 187 and 221?
17
Calculate the greatest common divisor of 819 and 1456.
91
Calculate the highest common divisor of 3283 and 67.
67
Calculate the greatest common factor of 22 and 6.
2
What is the greatest common divisor of 528 and 348?
12
What is the highest common divisor of 82 and 8?
2
Calculate the highest common factor of 456 and 437.
19
Calculate the greatest common divisor of 198 and 684.
18
What is the highest common factor of 408 and 360?
24
Calculate the highest common divisor of 477 and 424.
53
What is the greatest common factor of 14 and 10654?
14
What is the highest common factor of 13 and 26?
13
What is the highest common divisor of 207 and 9?
9
Calculate the greatest common divisor of 3 and 1461.
3
Calculate the greatest common divisor of 77 and 1463.
77
What is the greatest common factor of 11 and 352?
11
What is the highest common factor of 440 and 154?
22
What is the highest common divisor of 168 and 792?
24
Calculate the greatest common factor of 6 and 981.
3
What is the greatest common divisor of 43 and 1075?
43
What is the greatest common divisor of 1472 and 23?
23
Calculate the greatest common factor of 198 and 451.
11
What is the highest common factor of 165 and 231?
33
Calculate the highest common divisor of 2265 and 570.
15
Calculate the highest common divisor of 20 and 620.
20
Calculate the greatest common factor of 28 and 98.
14
Calculate the greatest common divisor of 162 and 36.
18
Calculate the greatest common divisor of 96 and 216.
24
Calculate the highest common factor of 304 and 38.
38
Calculate the highest common factor of 172 and 1118.
86
What is the greatest common divisor of 9563 and 262?
131
Calculate the greatest common divisor of 470 and 3666.
94
What is the greatest common factor of 247 and 52?
13
What is the greatest common divisor of 33 and 5346?
33
Calculate the highest common divisor of 2989 and 61.
61
Calculate the highest common divisor of 120 and 1240.
40
What is the highest common factor of 1975 and 790?
395
Calculate the greatest common divisor of 60 and 24.
12
What is the greatest common factor of 7173 and 9?
9
Calculate the greatest common divisor of 46 and 36202.
46
Calculate the greatest common divisor of 726 and 6.
6
Calculate the greatest common divisor of 57 and 102.
3
Calculate the highest common factor of 444 and 204.
12
What is the greatest common divisor of 760 and 80?
40
What is the highest common factor of 203 and 928?
29
What is the highest common factor of 1557 and 9?
9
What is the greatest common divisor of 139 and 5143?
139
What is the highest common divisor of 56 and 144?
8
What is the greatest common divisor of 15 and 55?
5
What is the greatest common divisor of 103 and 3?
1
Calculate the greatest common divisor of 288 and 45.
9
Calculate the greatest common factor of 581 and 7.
7
Calculate the highest common factor of 1512 and 702.
54
What is the highest common divisor of 142 and 781?
71
What is the greatest common divisor of 144 and 160?
16
Calculate the highest common factor of 2216 and 24.
8
What is the greatest common factor of 34 and 374?
34
What is the highest common divisor of 15833 and 213?
71
What is the greatest common factor of 420 and 7910?
70
What is the greatest common divisor of 476 and 204?
68
What is the highest common divisor of 20 and 500?
20
What is the highest common factor of 1807 and 143?
13
Calculate the highest common factor of 845 and 481.
13
What is the highest common divisor of 320 and 3980?
20
What is the highest common divisor of 48 and 12?
12
What is the highest common factor of 220 and 60?
20
Calculate the highest common divisor of 47 and 423.
47
What is the highest common factor of 3 and 669?
3
What is the highest common divisor of 319 and 580?
29
What is the greatest common divisor of 2538 and 94?
94
Calculate the greatest common factor of 793 and 39.
13
What is the highest common factor of 15 and 183?
3
What is the highest common factor of 860 and 140?
20
Calculate the highest common factor of 15 and 4525.
5
What is the highest common divisor of 852 and 12?
12
What is the greatest common factor of 36 and 252?
36
Calculate the greatest common factor of 42 and 10.
2
What is the greatest common factor of 98 and 1344?
14
What is the greatest common factor of 39 and 117?
39
Calculate the greatest common factor of 50 and 980.
10
What is the great